et v(z) be the third derivative of -1/12*z**5 + 0*z + 0 - 1/6*z**4 + 1/6*z**3 - q*z**6 + 6*z**2. Determine v(-4).
1
Let w(t) be the first derivative of -t**4/24 + t**3/2 + 6*t**2 - 20. Let k(h) be the second derivative of w(h). Determine k(-3).
6
Suppose -5*y - f + 22 = -0*f, -5*f = -2*y + 25. Suppose -g = -6*g - y, -6 = -s - 2*g. Let l(h) = h**3 - 7*h**2 - 7*h. Calculate l(s).
8
Suppose 11 = y - 3*m, -3*y + 2*m + 24 = y. Let d(p) = -4*p**2 + 4*p**3 - 3*p**3 - 910*p + 1817*p - 913*p - 4. Calculate d(y).
-9
Let t(l) = l**2 - 5*l + 1. Let x be t(5). Suppose -5 + x = -4*z. Let c(v) be the third derivative of v**6/8 - v**5/60 + v**3/6 - 7*v**2 - 5*v. What is c(z)?
15
Let c(w) = w**3 - 13*w**2 - 68*w + 4. Let d be c(17). Let x(v) = -v**3 + 5*v**2 - 2*v - 4. Determine x(d).
4
Let z(n) = 3*n + 11. Let a be (-3)/(-7) + 1/((-21)/135). Calculate z(a).
-7
Suppose -6*v - 40 = -244. Let r(u) = -u**2 - 3*u - 13 - 16 + v + 2*u. Let h(z) = -2*z + 10. Let l be h(5). Give r(l).
5
Let k(o) = -o**3 - 4*o**2 + 3*o - 2. Let d(u) = 12*u - 75. Let i be d(6). What is k(i)?
-20
Let z(h) = -2*h + 5. Let q(d) = 3*d**3 + d**2 + 2. Let j be q(2). Suppose -2*f = -8*f + j. What is z(f)?
-5
Let q(v) = -v**3 + 6*v**2 - 2*v - 6. Let g be (-4)/12*(1 - (-1 + 2)). Suppose 10*s - s - 54 = g. Give q(s).
-18
Let n(f) = -3*f**2 + 1. Suppose -1 = 4*d + 4*l + 7, -2*d = -l + 4. Let w be 10/(-20)*(-4)/d. Calculate n(w).
-2
Let a = 25 - 29. Let b be (a + 6)/((-3 - -1)*1). Let u(v) = -v**2 - v + 1. Determine u(b).
1
Let s(a) = 2*a + 7. Suppose k + 5*q - 5 = -3, -3*k - 3*q - 18 = 0. Let o be (-9 - 1)*(-4)/k. What is s(o)?
-3
Let n(c) = c**2 - c - 1. Suppose -42 = -5*u + 108. Suppose -5*m + 0*g = -2*g - u, m + 11 = -3*g. Determine n(m).
11
Let p(y) = 2*y**2 - 17*y + 21. Let d be p(6). Let q(x) = x**3 + 10*x**2 + 10*x. What is q(d)?
-9
Suppose 0 = -t - 4*m, -3*t - 10*m + 15 = -13*m. Let l(n) = -2 + 2 - 1 + 2 - 3*n. Calculate l(t).
-11
Let b = -2 - -4. Let c(q) = 24*q + 5. Let v(y) = 13*y + 3. Let x(t) = 6*c(t) - 11*v(t). Calculate x(b).
-1
Let h(k) be the third derivative of -k**4/24 - 4*k**3/3 + 88*k**2. Calculate h(-6).
-2
Let i(y) be the third derivative of -y**5/60 + 5*y**4/24 + y**3/6 + 46*y**2 + y. What is i(7)?
-13
Let q(b) = -b**3 + 2*b**2 - 2*b - 3. Let a(r) = 3*r**3 - 5*r**2 + 6*r + 10. Let g(n) = -2*a(n) - 7*q(n). Suppose 25 = 4*k + 1. Let v = -4 + k. What is g(v)?
-3
Let m(l) be the second derivative of -l**5/20 + 5*l**4/6 - l**3/6 - 9*l**2/2 - 111*l. What is m(10)?
-19
Let m be 188/47 - (5 - 1). Suppose -5*p + 4*p = -3*v, m = v. Let k(h) = 1 + h**2 - h - 2 + 3. Determine k(p).
2
Let u(c) = -c**2 + c - 1. Let n(q) be the third derivative of 1/6*q**3 - 2*q**2 + 0 + 0*q + 0*q**4 - 1/60*q**5 + 1/40*q**6. Let f be n(1). Give u(f).
-7
Let w(d) be the first derivative of d**3/3 - 3*d**2 - d + 1. Let z(i) = i**2 - 14*i + 5. Let j be z(14). What is w(j)?
-6
Let g = -696 - -698. Let x(i) = -4*i + 9. What is x(g)?
1
Suppose -3 + 15 = 2*w. Let m(p) = -p**3 + 6*p**2 - p. Calculate m(w).
-6
Let s(z) = z - 7 - 5 - 10 + 32 - 11. What is s(-8)?
-9
Let m(r) be the first derivative of r**3/3 + 7*r**2/2 + 2*r - 24. What is m(-7)?
2
Let q(h) = -3*h**2 - 2*h + 7. Let v(r) = -3*r**2 - 3*r + 8. Let f(i) = 5*q(i) - 4*v(i). Let z(a) = -46*a + 320. Let l be z(7). Determine f(l).
-13
Suppose 5*p = 2*p - 5*c + 40, 3*c - 15 = 0. Let g(r) = 4*r + 19. Let l(v) = -3*v - 13. Let d(u) = -5*g(u) - 7*l(u). What is d(p)?
1
Let b(a) = -11*a**3 - 25*a**2 - 59*a + 33. Let h(n) = -4*n**3 - 8*n**2 - 21*n + 11. Let i(y) = -3*b(y) + 8*h(y). What is i(-10)?
-1
Let o(u) be the second derivative of -u**5/20 - u**4/12 + u**3/3 + 49*u - 2. Give o(-3).
12
Let u(y) = -2*y + 4. Let p(v) = v**2 + 9*v - 38. Let d(x) = -p(x) - 4*u(x). Calculate d(0).
22
Let s(d) = -2 - 42*d - 9*d**2 + 32*d - d**3 - 5. Determine s(-8).
9
Let s(h) = -2*h + 88. Let r be s(43). Let v(g) = -g**2 - 3*g - 2. What is v(r)?
-12
Let i(v) be the third derivative of -v**5/60 + 5*v**4/24 + v**3/6 - 9*v**2 - 8. What is i(3)?
7
Suppose -t = 2*t. Suppose -21 = -6*z + 3*z. Let l(f) = 6*f**2 + f + 11 + 0*f**2 - z*f**2. What is l(t)?
11
Let x = 25 - 20. Let r(a) = -4*a - 4. Let u(d) = 3*d + 3. Let j(b) = x*u(b) + 4*r(b). Determine j(-4).
3
Let c(q) = -4*q + 6 - 7 - 2 + 2*q**2 - 4*q**2. Let g be c(-3). Let f(s) = -s - 13. Give f(g).
-4
Let h be (-2 - -17) + 7 + -4. Suppose g - 4*g = -h. Let s(o) = -2*o + 1 + g*o + 5*o. What is s(-1)?
-8
Suppose 0*t - 10*t = -60. Let q(x) be the third derivative of x**6/120 - 7*x**5/60 + 5*x**4/24 - x**3/2 - x**2. Give q(t).
-9
Let c = 22 - 40. Let t = 21 + c. Let s(z) = z - z + 3 + 0*z - t*z. Calculate s(4).
-9
Let n = 271 - 75. Let r(o) = -4*o + n + 195 - 390. Suppose 3*q + 2*l - 2 = -q, 4*l + 4 = 0. What is r(q)?
-3
Let g(i) = -5. Let x(b) = 2*b + 15. Let s(v) = 2*g(v) + x(v). What is s(6)?
17
Let u(w) be the third derivative of -w**5/60 + w**4/24 + 10*w**3/3 + 425*w**2 - w. Determine u(0).
20
Suppose -6*s = -2*s + 12. Let y(v) = -v**2 + 17*v + 2. Let n be y(17). Let g(q) = -4 - 3*q**n + 4*q**2 + 402*q - 401*q. Give g(s).
2
Let h(v) = -v - 4*v**2 - 3 + 6*v**2 - v. Determine h(3).
9
Let l(j) = j. Let r(i) = -3*i + 1. Let g(s) = -l(s) - r(s). What is g(1)?
1
Let g(d) = -54*d**2 - 18*d - 22. Let k(i) = -38*i**2 - 12*i - 15. Let x(h) = 5*g(h) - 7*k(h). Calculate x(-3).
-23
Let s(d) = -19*d**2 + 7*d - 10. Let t(i) = 41*i**2 - 15*i + 21. Let n(o) = -13*s(o) - 6*t(o). What is n(2)?
6
Let k(t) be the first derivative of 5*t**2/2 - 11*t + 7. Let l be k(8). Let z(w) = 7*w - 13*w**2 - 17*w**2 + l*w**2 - 5. Give z(6).
1
Suppose 10*u = 7*u - 6. Let w be -3 - u*(-25)/(-10). Let t(p) = 2*p**3 - p**2 + p + 1. Calculate t(w).
15
Let u(b) = -8*b**3 - b**2 + 3*b - 12. Let a(d) = 7*d**3 - 3*d + 11. Let q(m) = 7*a(m) + 6*u(m). Suppose -2*f = -2*n + 4, -n - 4*f + 24 - 2 = 0. What is q(n)?
-13
Suppose 4*p - 5*s = -17, -3*p + 2*s - 5*s + 21 = 0. Suppose 3*t = 5*q - 46, -4*q + p*t = -t - 38. Let f(c) = 7*c - q*c + 2 - 3. What is f(-5)?
4
Suppose 4*i = 4*m, 5*m - 2*i + 12 = -3*i. Let o = m - -2. Suppose o = -5*h + 32 - 2. Let w(n) = n**3 - 5*n**2 - 7*n + 3. Give w(h).
-3
Let w(x) be the second derivative of 0*x**3 + 1/180*x**6 + 0 + 1/120*x**5 + 5*x - 1/4*x**4 + 0*x**2. Let g(z) be the third derivative of w(z). Give g(2).
9
Let s(n) be the second derivative of n**5/20 + n**4/2 + 2*n**3/3 - 3*n**2 + 9*n. Calculate s(-5).
-1
Suppose -63*a + 3 = -60*a. Let k(i) = 0*i + 11*i**2 - 3*i + 0*i**2 + 3*i. Give k(a).
11
Let i(f) be the third derivative of -f**5/60 + f**4/6 - f**3/3 + 17*f**2. Let r = 9 - 4. What is i(r)?
-7
Let d(j) = 3*j**2 - 20*j. Let c(s) = -s**2 + 9*s - 1. Let i(p) = 5*c(p) + 2*d(p). Give i(-5).
-5
Suppose 12*v = 4 + 56. Let b(h) be the second derivative of -h**5/20 + 5*h**4/12 - h**3/2 + h**2/2 - 27*h. Give b(v).
-14
Let t(q) = -9 - 5*q**2 + 6*q + 8 - 4*q. Let h be t(1). Let i(k) = k**3 + 3*k**2 - 4*k + 3. Calculate i(h).
3
Let v(g) = g**3 + 8*g**2 - 7*g + 11. Let j = -88 - -79. Give v(j).
-7
Let t(s) = -3*s**2 - s + 1. Suppose n + 2*b = 9, 4*b - 21 = n - 4*n. Suppose 3*l - 2*k = -2*l + 23, -n*l - 3 = 3*k. Let z = -1 + l. Determine t(z).
-13
Let z(y) = 3*y**3 + 2*y**2 - 2*y + 7. Let u(v) = -8*v**3 - 5*v**2 + 5*v - 14. Let k(h) = 2*u(h) + 5*z(h). What is k(0)?
7
Let n(r) = -r**2 + 7*r + 11. Let s be n(8). Let b be 0 - ((-8)/2)/2. Suppose -4*d - 8 = -4*p, b - s = -5*p + 2*d. Let a(g) = 8*g. What is a(p)?
-8
Let v = -49 - -12. Let x = 38 + v. Let j(q) = -7*q**3 + 2*q - 1. Give j(x).
-6
Let o be 18/(-4)*8/6. Let n(u) = u**2 + 6*u - 1. Let k(b) = -2*b**2 - 11*b + 2. Let y(s) = -2*k(s) - 3*n(s). Give y(o).
11
Let l be (-3*4)/(-13 + 11). Let q(x) = x**2 - 9*x + 1. What is q(l)?
-17
Let j(u) = u - 1. Let s be 4*(1 + -28*(-1)/16). Determine j(s).
10
Let g be (4 - 0)/((-2 - 4) + 5). Let i(u) = u**3 + 3*u**2 - 3*u - 5. Give i(g).
-9
Let o(s) = -11*s**2 + 0*s - 2*s + 7 - 12*s + 12*s**2 + 4*s. What is o(7)?
-14
Let u be (-22)/(-77) + 316/(-28) + 4. Let j(y) = -y**3 - 6*y**2 + 9*y + 14. Calculate j(u).
0
Let j(w) = -3*w + 1. Let s be (-38)/(-5) - 27/45. Suppose -3*y = -2*a + 2 + 4, -3*a + 4*y + s = 0. Give j(a).
10
Suppose -2 - 10 = 3*k. Let r(x) = 9*x + 9. Let w(j) = 16*j + 17. Let s(t) = 7*r(t) - 4*w(t). Give s(k).
-1
Let z = -92 + 93. Let k(d) = -1 + 4*d**2